182 + -183. Let m(k) be the first derivative of -1/3*k**3 - 1 - k + 0*k**2. Calculate m(p).
-2
Suppose 12*q + 76 = 8*q. Let f(v) = v + 22. Let g be f(q). Let b(n) = -4*n**2 + 4*n - 1. Calculate b(g).
-25
Let m(z) = -2*z**2 - 1. Let g(p) = -9*p**2 - 34*p - 2. Let y(k) = -g(k) + 3*m(k). Calculate y(-11).
-12
Let d(z) = z**2 - z - 4. Let x(a) = 16*a + 59. Let c be x(-4). Let o be -6*c/40*-4. Give d(o).
8
Suppose o - 36 = -35. Let m(x) = -9*x**3 - x**2 + x. Give m(o).
-9
Let i(t) = -t**2 + 13*t - 19. Let u(r) = 37*r + 122. Let w be u(-3). Determine i(w).
3
Suppose -10*d = 75 + 5. Let g(c) = 5 - c + 8*c - 2 + 2 + c**2. Calculate g(d).
13
Let m(q) = -q - 11. Let r = -230 - -222. Determine m(r).
-3
Let o(m) = -m**2 - 11*m + 32. Let j be (-3 - 7) + -1*(4 - 1). Give o(j).
6
Let n(g) = -g**3 + 6*g**2 + 2. Let s(a) = a**2 + 33*a + 68. Let l be s(-31). Calculate n(l).
2
Let u(b) = 2*b**2 - 2*b + 1. Let g(a) = a**2 - a. Let j(q) = 3*g(q) - u(q). Let l = 3017 + -3019. What is j(l)?
5
Let q(d) = d**3 - 6*d**2 - d - 2. Let x(g) = g**2 + 4*g + 9. Suppose 7 = -2*j + 1. Let o be x(j). What is q(o)?
-8
Let f(m) = -9*m**3 + 14*m**2 + 10*m**2 + 8*m**3 - 3 + 4*m**2 + 39*m - 38*m**2. What is f(-13)?
-3
Suppose 0 = -2*q + 3*x - 6*x - 21, -3 = x. Let r(t) = 6*t - 2*t + 8 + 2*t - 3*t. What is r(q)?
-10
Let z(p) = -4*p**3 + 24*p**2 - 23*p + 40. Let f(r) = -r**3 + 6*r**2 - 6*r + 10. Let u(x) = -9*f(x) + 2*z(x). Give u(5).
5
Let l(y) = 2*y + 1. Let k(p) = -p**3 + 3*p**2 + 1 + 4*p + 3 - 1. Let u be k(4). Calculate l(u).
7
Let i(q) = q**2 + 29*q + 50. Let d be i(-27). Let a(l) be the second derivative of l**4/12 + 2*l**3/3 - 5*l**2/2 - 3*l. Determine a(d).
-5
Let m(r) = 4*r - 34. Let j be m(7). Let y be -2 + (-3)/2 - j/(-4). Let d(w) = w**2 + 5*w + 4. Calculate d(y).
4
Let r(f) = -6*f + 28. Let m(n) = -7*n + 29. Let z(w) = 5*m(w) - 6*r(w). Give z(0).
-23
Suppose -4*y + 0*y = -4*g + 36, -2*y = -4*g + 32. Let p(o) = o**3 - 8*o**2 + 5*o - 4. What is p(g)?
-18
Let m(i) = -2*i. Let l(y) = -y - 5. Let g(c) = c**3 + 11*c**2 + 9*c - 18. Let z be g(-10). Let h be l(z). What is m(h)?
-6
Let o(t) = -2*t**2 - 3*t. Let p(w) = 3*w - 6. Let l be p(6). Let s = l + -1. Suppose -8 = 3*r + 3*d + 1, 3*r + 5*d + s = 0. Calculate o(r).
-2
Suppose k - 7 = -v, -v + 26 = 3*k - 3*v. Let y(z) = z + 4. Let r(d) be the second derivative of d**3/3 + 11*d**2/2 - 2*d. Let m(w) = k*y(w) - 3*r(w). Give m(1).
1
Suppose 142 = 22*t + 406. Let w(q) = -q**2 - 12*q + 2. Give w(t).
2
Suppose -2*b = -0*b - 8. Let s(p) = 5. Suppose 4*g + 3 = -3*y, 3 = -g + 3*g + 3*y. Let t(l) = -l - 6. Let h(j) = g*s(j) - 2*t(j). What is h(b)?
5
Let h(n) = 13*n**2 - n + 1. Suppose -2*w + 34 = 4*o, 4*o - 8 - 61 = 5*w. Suppose 5*p = o + 14. Suppose -g + 3 = p*c, 3*c + 4*g = c - 6. Determine h(c).
13
Let g(w) = 4*w + 1. Let h be (-3)/((6/8)/(9/12)). Calculate g(h).
-11
Let x(m) = -5*m**3 + 9*m**2 - 10*m - 1. Let t(o) = 6*o**3 - 10*o**2 + 11*o + 2. Let k(g) = 4*t(g) + 5*x(g). Determine k(4).
-5
Let j(t) be the third derivative of 0*t + 0 - 1/30*t**5 + 1/3*t**3 + 26*t**2 - 1/12*t**4 - 1/120*t**6. Calculate j(-2).
6
Let k(r) = -14*r. Let h = -42 + 38. Let o be 4/(h - -8)*1. Determine k(o).
-14
Let u(v) = 9 + v**2 - 57*v + 44*v - 29 - 2*v**2. Let z be u(-11). Let o(i) = 3*i**2 + 2*i. Give o(z).
16
Let a = -3 + 9. Let r(c) = 2*c**2 + 2*c + 3. Let b be r(-2). Let j(p) = 4*p - 2*p + 6*p**2 - 2 - p**3 + p - b. What is j(a)?
9
Let l(m) = -2*m + 9. Let y = 37 - 70. Suppose -4*j + 2*u - u - 111 = 0, 5*j + 5*u + 120 = 0. Let o = j - y. What is l(o)?
-3
Let w(h) = 16*h - 14. Let x(u) = -1838*u + 1 + 1 + 1834*u + 1. Let y(o) = 2*w(o) + 9*x(o). What is y(4)?
-17
Let v(b) = b - 7. Let d(c) = c**2 - 10*c + 12. Let z be d(9). Suppose -3*f - 2*j = j + 6, f = -z*j + 6. What is v(f)?
-13
Let x(v) be the third derivative of v**4/24 - v**3/2 + 833*v**2. Let z be 3/2*8/6. Give x(z).
-1
Let w(s) = 2*s + 12. Let n(i) = -7*i - 155. Let a be n(-21). Give w(a).
-4
Let j(l) = l**2 + 9*l + 8. Suppose 0 = -0*c - 15*c - 105. Determine j(c).
-6
Suppose 0 = 7*o - 11*o. Let f(u) = -2 + 2*u - 5*u + 4*u - 2*u + u**3 - u**2. Give f(o).
-2
Let m(v) = -v + 7. Let y(w) be the second derivative of -w**3/2 - 6*w**2 + 11*w - 1. Let x be y(-6). Give m(x).
1
Let u(s) = -s**3 + 5*s**2 + 3*s + 5. Let l be 1/(-5) + 18/15. Suppose 4 = 3*b - y, 5*b - 4*y + 4 + l = 0. Let j be ((-24)/28)/(b/(-21)). What is u(j)?
-13
Let z = 657 - 655. Let h(t) = 6*t**2 - t - 1. Give h(z).
21
Suppose o - 4*o - 2*u = 5, 0 = o - 4*u - 3. Let z(s) = 4*s**2 - s + 3. Let f(q) = 7*q**2 - 3*q + 7. Let k(r) = -2*f(r) + 5*z(r). Give k(o).
6
Let q be 0/((-42)/7 - -1). Let r(w) = -2*w + 47. What is r(q)?
47
Let n(k) = -7*k**2 - 16*k + 2. Let m(w) = -6*w**2 - 14*w + 2. Let o(z) = -6*m(z) + 5*n(z). Give o(-5).
3
Suppose 1 = k - 0. Suppose 1 = -z + 2*w, -w + k = -2*z + 4*w. Let r(n) = 4*n**2 + n - 4. Let o(h) = 5*h**2 - 5. Let t(i) = 3*o(i) - 4*r(i). Give t(z).
4
Let g(q) = -q**2 + 5*q + 6. Let v be 17/(12/3 + -3). Let p = v + -15. Let u be 1088/187 - p/(-11). Determine g(u).
0
Suppose 4*w = r + 2*r - 13, 0 = 4*r + w - 11. Let k(m) = -2*m + 7*m + m**2 - 1 + 3*m**2 - r*m**2. Suppose 0 = 2*h - x + 9, 5*h - x = -3*x - 18. Determine k(h).
-5
Let v(g) = 4*g**2 + 24*g - 1. Let w(p) = p**3 - p**2 + 19*p - 6. Let s be w(0). Give v(s).
-1
Let h(n) = n + 6. Let g(w) = -4*w - 14. Let v(m) = 2*g(m) + 5*h(m). Suppose 2*t + 2*x + 4 = -t, 3*x = -15. Calculate v(t).
-4
Let l = 173 - 181. Let k(y) = y**2 + 8*y - 2. Determine k(l).
-2
Let r(q) = -q**3 - q**2 + q + 22. Let t be 0/(-1)*(9 - 10). Determine r(t).
22
Let c(v) = -2*v - 20 + 18 + 0*v + 5*v - 4*v. Determine c(0).
-2
Suppose 5*n + 3*a = 245, 4*n - 72 = 2*n + 4*a. Suppose 2*i - 22 - 26 = -4*u, 2*u = 4*i - n. Suppose -6*r - 28 - i = 0. Let g(w) = -w - 2. What is g(r)?
5
Let y(o) be the third derivative of 1/120*o**6 + 0*o**4 + 0 - 5/6*o**3 - o**2 + 0*o + 1/60*o**5. Suppose -5*n + 2*a - 9 = 1, -4*a + 20 = 0. What is y(n)?
-5
Suppose 0 = -4*b + 2*s - 0*s + 184, 5*b = -5*s + 215. Let n(l) = -3*l + 2*l - b*l**2 + 44*l**2 + 4. Calculate n(-4).
-8
Let v(w) = w**3 - w**2. Suppose 0*q + 3*q - 4*x = -12, -3*q = 2*x - 6. Let n(y) = y**3 + q*y**3 + 4*y**2 - 4*y - 9*y**2 + 8*y**2. Let b be n(-4). What is v(b)?
0
Suppose 2*v + z - 8 = 0, v + 2*z = -4*v + 18. Let h(i) = i + i**2 - 18 + 20 - v*i. Let r = 0 + 2. Determine h(r).
4
Let z(a) = 2*a - 2*a + 3*a - 4 - a. Calculate z(5).
6
Let i(q) = -10 + 28 + 2*q**2 - 11 + 6*q - 6. What is i(-5)?
21
Let b(c) = 5*c**3 - 2*c + 2. Suppose 18*o - 17 = 1. What is b(o)?
5
Let m(c) = -c**2 - 23*c - 46. Suppose 5*l = -2*p - 106, 2*l - 9*p = -5*p - 28. What is m(l)?
14
Let l(q) = -32*q**2 + 2*q + 1. Let o(b) = 10*b - 21. Let d be o(2). Give l(d).
-33
Let j = -92 + 99. Let o(d) = d - 3*d + j - 2*d + d. Give o(5).
-8
Let o(z) = 2*z**2 + 7*z + 8. Let i(h) = h**2 + 9*h + 4. Let m(k) = -2*k**2 - 17*k - 8. Let a(p) = 11*i(p) + 6*m(p). Let w(c) = -5*a(c) - 3*o(c). What is w(-4)?
4
Let y = -563 - -573. Let t(x) = x**3 - 11*x**2 + 9*x + 11. Calculate t(y).
1
Let v(c) = c**2 - 5*c + 3. Let w(b) = b**2 - 8*b + 6. Let j be w(7). Let y be j + 22 + -3*1. Let p = y - 15. Give v(p).
-3
Let z(g) = -g**2 - 3*g + 33. Let c = -149 + 142. Let n be z(c). Let w(h) = h**3 - 4*h**2 - 7. Calculate w(n).
18
Let n(m) be the third derivative of -m**4/24 - 29*m**3/6 + 800*m**2. Give n(-9).
-20
Let k(l) be the first derivative of 5*l**4/4 + l**3/6 - l**2/2 - 18*l - 13. Let c(s) be the first derivative of k(s). What is c(1)?
15
Let r(b) = 8*b + 11. Let l(n) = -5*n - 5. Let p(v) = -7*l(v) - 4*r(v). Determine p(6).
9
Let v(p) be the third derivative of -9*p**4/8 + p**3/6 - 3*p**2. Let y(s) = 2*s - 29. Let x be y(14). Determine v(x).
28
Let g(s) = -s + 1. Let p be g(-1). Let a be (7 - 4 - 0) + 10. Let y(z) = -7*z + a*z - p*z. Determine y(1).
4
Let l(w) = 5*w - 231. Let u be l(46). Let b(d) = 37*d + 2. Determine b(u).
-35
Let i(s) be the first derivative of 1/3*s**3 - 5 - 3*s + 3/2*s**2. Let p be 1/3*(5 - 14). What is i(p)?
-3
Let g be (2/1)/(19/114). Let c(r) = r**3 - 12 + g + 4 + r - 6*r**2. What is c(6)?
10
Suppose 25 = 6*h - h. Let f(g) = -g + 10. Let q be f(h). Suppose -55 = q*o - 5*v, -3*o - 3 = v + 2*v. Let x(k) = -3*k - 9. Give x(o).
9
Let h = -945 + 947. Suppose 4*v - 530 = -122. Le